 the units digit of j?
7
Let p = -17 + 41. Suppose -p = -3*h - 0. What is the units digit of h?
8
Suppose -3*f = 15 - 3. Let w be 1/4*-2*f. Suppose -5*d = -w*i + 10, -2*d + 51 - 7 = 4*i. What is the tens digit of i?
1
Suppose 4*m + 189 = -y + 1016, -2*m + 410 = 4*y. What is the units digit of m?
7
Let j = -2 + 6. Suppose 4*a = j*g + 20, -5*a - 2*g + 32 = 7. Suppose -7 - a = -3*h. What is the units digit of h?
4
Suppose 110 = 2*v - 16. What is the units digit of v?
3
Let t = 36 + -10. What is the units digit of t?
6
Let z(u) = u**3 - 5*u**2 + 3*u + 4. Let a be z(4). Let x = 9 - a. What is the units digit of x?
9
Let b(o) be the second derivative of o**3/6 + o**2 + 3*o. Let u be b(-2). Suppose u = -5*g - 0*g + 15. What is the units digit of g?
3
Suppose -8 = -3*m + 2*i, m + 3*i - 14 = -m. Suppose t = 5*z + m, -4*t + 5*z + 40 = t. What is the units digit of t?
9
Suppose g - 6 = p - 2*p, -54 = -4*p + 2*g. Suppose -2*d + 38 = -2*j, -4*j + p = -d + 39. What is the tens digit of d?
1
What is the units digit of 4 - 7/((-14)/92)?
0
Suppose m = -n + 2*m - 1, -5*n - m + 13 = 0. Suppose -2 = -n*s + 14. What is the units digit of s?
8
Let v = 11 - 18. Let h = v + 17. What is the units digit of h?
0
Let t(a) = 3*a - 1. Let y be t(1). Let q be (-4)/((-6)/y - -5). What is the units digit of 20/4 + q + 2?
5
Let l(c) = 3*c - 13. Let p be l(9). Let m be (-4)/p - (-61)/(-7). What is the units digit of 4/18 + (-70)/m?
8
Suppose 0 = -3*z - 7 + 16. Suppose 2*w - 2 = 5*r, 0*r = 2*r - 5*w - 16. What is the units digit of (1 + r)/(z/(-24))?
8
Let w(s) = -s**2 + 8*s - 2. Suppose -5*x - 5*f = 10, -2 = -2*f - 12. Suppose -3*j + x = -2*j. What is the units digit of w(j)?
3
Suppose 0*a = 15*a - 2415. What is the tens digit of a?
6
Suppose 5*w - 19 = -d, d = -2*d - w + 29. Let c(h) = -h**2 + 11*h + 10. What is the tens digit of c(d)?
2
Let z(x) = x**3 - 6*x**2 + 4*x - 1. Let l be z(4). What is the units digit of (-2)/5 + l/(-5)?
3
Let d(l) = 10*l - 5. Let m = -2 - 0. Let a(h) = 3*h - 2. Let r(i) = m*d(i) + 7*a(i). What is the units digit of r(5)?
1
Suppose 3*u - 4 - 2 = 0. What is the tens digit of ((-32)/20)/u*-25?
2
Suppose 1260 = 4*c + 8*c. What is the hundreds digit of c?
1
Suppose -5*o - p + 838 = 0, -3*o + 2*p = -o - 340. What is the tens digit of o?
6
Let a = 40 - 17. Let y = a - 11. What is the tens digit of y?
1
Suppose 5*y - 8 = y. Suppose r - 16 = 4*p, -p = 4*r - 4*p - 129. Suppose -4*m - 4*v + 34 + 6 = 0, y*v + r = 5*m. What is the units digit of m?
8
Suppose x - 3*q = 104 + 32, 0 = 2*x - q - 282. What is the tens digit of x?
4
Let k(a) = 2*a**2 + a - 5. Let f be k(-3). Suppose f*q - 165 = 7*q. What is the units digit of q?
5
Suppose -18 = 3*b - 96. Let d(w) = 8*w**2 + 2*w - 1. Let r be d(1). Let o = b - r. What is the units digit of o?
7
Suppose 271 = 5*d + 5*p - 99, 3*d + 4*p - 222 = 0. What is the tens digit of d?
7
Suppose -5*k + 50 = -70. What is the tens digit of k?
2
Let a = 1 + 2. Suppose 6 = -2*d + 5*d. Let w = a - d. What is the units digit of w?
1
Suppose 2*j + 2*v - 4 - 14 = 0, -j = 2*v - 13. Suppose -j*x = -35 - 25. Suppose 0 = 2*z - x - 16. What is the units digit of z?
4
Let w(f) = 11*f**3 + 2*f**2 - f. Let l be w(1). Suppose 3*c = -5*r + 199, 4*c = -0 + l. Let t = r - 25. What is the tens digit of t?
1
Let s(q) = -11*q**3 - 27*q**2 + 39*q + 5. Let f(n) = 7*n**3 + 18*n**2 - 26*n - 3. Let m(d) = 8*f(d) + 5*s(d). What is the units digit of m(-10)?
1
Suppose -j - 91 = -5*j - r, -5*r = -4*j + 73. Suppose 0 = v + v - 5*b - 32, 4*b = v - j. Let c = v + 5. What is the tens digit of c?
1
Let y be (-1)/2 + 22/4. Let m = 11 + y. What is the units digit of m?
6
Let v(t) = t**3 - 6*t**2 - 4*t - 9. Suppose 9*i = 4*i + 35. What is the tens digit of v(i)?
1
Let d = -10 - -12. Suppose -d*i + 13 = -21. What is the tens digit of i?
1
Let h(b) = -b**3 + 9*b**2 + 9*b + 12. Let g be h(10). Let n(q) = -3*q - 3 - g - 6. What is the units digit of n(-8)?
3
Let a(b) = b**3 + 12*b**2 - 12*b - 17. What is the tens digit of a(-12)?
2
Suppose -u + 20 = -26. What is the tens digit of u?
4
Let c be (10 + -7)*10/6. What is the tens digit of (-2*c)/((-2)/6)?
3
Suppose 3*x - 4*x = 4*n - 131, n = 1. What is the hundreds digit of x?
1
Let a be 4/26 - 150/(-39). What is the units digit of 2/a*(-2 + 4)?
1
Let y(a) = 2*a**2 + a - 2. Let u be y(2). What is the units digit of u - (12/3 + -2)?
6
Suppose 2*r + 20 = 7*r. Suppose r*z + 4 + 20 = 0. Let u = z + 8. What is the units digit of u?
2
Let w(y) = -y**2 + y + 1. Let v be w(3). What is the units digit of (-3)/((-9)/6) - v?
7
Let j be ((-126)/15 - -2)*-5. Suppose 4*v + f = 4*f + j, 3*v - 23 = 2*f. Suppose -10 = h - 2*h + v*i, 0 = h + 4*i - 10. What is the units digit of h?
0
Let r be (0 - 0 - -6)/1. Let p(u) = u**2 - 6*u + 1. What is the units digit of p(r)?
1
Let t be 5/((-15)/(-12)) + 2. Suppose -s + t*s - f = 27, 4*s - f = 22. Suppose -5*j + 25 = -5*n - 0, 7 = 3*j - s*n. What is the units digit of j?
9
Let y be 10/4*4/5. Suppose -3*j + y*v = 8, 20 = j + 3*v + 8. Suppose j = -4*n + n + 54. What is the units digit of n?
8
Let r = 105 + -71. What is the units digit of r?
4
Let t(p) be the third derivative of p**6/120 - p**5/12 - p**4/24 + 7*p**3/6 + 3*p**2. What is the units digit of t(5)?
2
Suppose -2*z = q + 1, -5*q - 2*z = z - 16. Suppose 0 = -4*m + i - q*i - 8, -2*m - 7 = 3*i. What is the units digit of m?
1
Let c(j) = 2*j**2 - 11*j + 18. What is the units digit of c(9)?
1
Let o(h) = -h**2 - h - 5. Let v be o(0). Let z(n) = -4 - 2 - 3*n - 3*n + 4*n. What is the units digit of z(v)?
4
Suppose -143 + 23 = -5*y. What is the tens digit of y?
2
Let w be (-5 - -6)/((-1)/(-3)). What is the tens digit of (8/(-12))/(w/(-108))?
2
Let u = -7 + 13. Let j(f) = -2*f + u + 3*f + 3 - f**3 + 2*f**3. What is the units digit of j(0)?
9
Let k(v) = -v**3 - 3*v**2 - 3*v + 2. Let c = -7 + 4. What is the units digit of k(c)?
1
Let y be (-4)/10 + (-116)/10. Let s = 24 - y. What is the tens digit of s?
3
What is the units digit of ((-40)/15)/(4/(-30))?
0
What is the tens digit of 6372/45*5/2?
5
Suppose -3*y = 2*a + a - 27, 2*y - 6 = 2*a. What is the units digit of y?
6
Suppose 7*s - 3*s - 140 = 0. What is the units digit of s?
5
Suppose 3*i = -2*v + 766, -5*i + 3*v = -720 - 582. What is the hundreds digit of i?
2
Let h(j) = -j**3 + 5*j**2 + 8*j - 7. Let n be h(6). Suppose 55 = n*u - 20. What is the tens digit of u?
1
Let c be 27/6 + 1/(-2). Suppose -c*t = -2*p - 5 - 51, 44 = 4*t + 4*p. What is the units digit of t?
3
Let f(c) = -2*c + 9. Let z be f(6). Let o = z - -7. Suppose 4*y = 16, 0*w + o*y = 3*w + 7. What is the units digit of w?
3
Let y(a) = a**3 + 10*a**2 - 3*a - 13. Let h be y(-10). Let s = 36 - h. What is the tens digit of s?
1
Suppose 2*o - 3*c - 10 = 0, 3*o - 4*c - 9 = 6. Suppose -4*s + 4*u + 48 = 0, -s + 36 = -0*s + o*u. What is the units digit of s?
6
Let d(n) be the first derivative of -3*n**2/2 + 2. What is the tens digit of d(-4)?
1
Suppose -2*k = -2 + 6. Suppose -s + 5 + 2 = 0. What is the tens digit of k/s - 79/(-7)?
1
Let l(h) be the second derivative of -h**6/360 + h**5/120 + h**4/4 - h**3/6 - 2*h. Let a(n) be the second derivative of l(n). What is the units digit of a(0)?
6
Let x(l) be the first derivative of l**5/60 + l**4/12 - 7*l**3/6 - 3*l**2/2 - 1. Let f(t) be the second derivative of x(t). What is the units digit of f(-6)?
7
Let o(h) be the third derivative of -h**2 + 0*h**4 + 0*h - 1/30*h**5 + 0 + 0*h**3 - 1/120*h**6. What is the units digit of o(-3)?
9
What is the units digit of 77/7*(0 + 1)?
1
Let m = -4 - -7. Suppose -m*u = -r + 4*r, 0 = -5*r - 25. What is the units digit of u?
5
Let i(h) = -35*h - 8. What is the units digit of i(-2)?
2
Suppose 3*n = -3 - 0. Let k = n - -4. Suppose 2*j = -5*t + t + 24, -2*t - 20 = -k*j. What is the units digit of j?
8
Let d(a) = -a + 4. Suppose 4*x + 2 + 26 = 0. Let f be d(x). Let t = -7 + f. What is the units digit of t?
4
Let k = 22 + -8. Let s be (96/k)/4*7. Let r = 0 + s. What is the units digit of r?
2
What is the tens digit of 1*-1 - (-36 - -11)?
2
What is the units digit of (-2 - 10)/(((-3)/18)/1)?
2
Suppose -3*c = -3*m + 21, -5*m = 2*c + 2*c - 8. Suppose 17 = m*r + 5. What is the units digit of r?
3
Let p(w) = -6*w**3 - 7*w**2 + 6*w + 2. What is the units digit of p(-3)?
3
What is 